Calculate the remainder when d is divided by 69.
67
Let x = 21 + -16. Suppose 11 = -3*k + 2*l, -x + 1 = 2*k - 2*l. Calculate the remainder when 23 is divided by 26*(k/(-2) + -3).
10
Let z(j) = j**2 - 5*j + 6. Let c be z(3). Let a(k) = -5*k + 5. What is the remainder when (0 + -9)*(-4)/3 is divided by a(c)?
2
Let l(x) = 38*x - 26. Let s be l(5). Let w = s - 161. Calculate the remainder when ((-2)/3)/((-1)/15) is divided by w.
1
What is the remainder when 201 is divided by 2 - (-143)/13 - (-2)/(-2)?
9
Let b = -1049 - -1100. Calculate the remainder when 80 is divided by b.
29
Let n(s) = s**2 - s - 2. Let j be n(-2). Calculate the remainder when 21 is divided by (-9 - -3)*(j + -5).
3
Let q(g) = 9*g**2 - 20*g - 49. Calculate the remainder when q(-3) is divided by 31 - (-1)/1*0.
30
Let p(k) = k**2 + 8*k + 22. Let q be 4*((-5)/(-20) - 2). Calculate the remainder when 88 is divided by p(q).
13
Let a(d) be the first derivative of -d**4/4 + 28*d**3/3 - 14*d**2 + 42*d - 33. Calculate the remainder when 26 is divided by a(27).
11
Let b = 55 - 53. Suppose -b*o = -3*y - 41, 18 = -5*o - 3*y + 110. What is the remainder when o is divided by 2 + (4 - (-1)/(-1))?
4
Suppose -101 - 179 = -5*x. Calculate the remainder when 110 is divided by x.
54
Let g be (-1*3)/((-12)/548). Let d = g - 6. Suppose 2*m = 5*m + 2*i - 103, 0 = 3*m + i - 101. Calculate the remainder when d is divided by m.
32
Suppose p - 7 + 9 = 0. Let i be 21/p*(-32)/24. Suppose i*q - 64 = 10*q. What is the remainder when 30 is divided by q?
14
Let r(h) = -h**2 - 3*h + 4. Let i be r(-8). Let w = 59 - 32. What is the remainder when w is divided by (-154)/(-16) + i/(-96)?
7
Let m be 621/6*8/12. Suppose 4*a = -5*n + 5 + 63, 5*a - 85 = -5*n. What is the remainder when m - (0/4 - -3) is divided by a?
15
Let q = 100 + -157. Let u = q + 94. Calculate the remainder when u is divided by (-2)/((4/19)/(-2)).
18
Suppose -m = -2, 0 = 5*r - 2*r + 2*m - 10. Let g(v) = 45*v**2 + 1. What is the remainder when g(-1) is divided by (-22)/55*(r + -32)?
10
Let t(k) be the second derivative of k**5/20 - k**4/6 + k**3/3 - 3*k**2/2 + 3*k. Let c be t(2). Calculate the remainder when c/3 - (-1210)/15 is divided by 21.
18
Suppose 0*l + 5 = l. Calculate the remainder when 56 is divided by 0 + -3 + l + 27.
27
Suppose 4 = 2*v - 18. Let k be ((-6)/9)/(4/12). What is the remainder when v is divided by ((-6)/1)/k + 0?
2
Calculate the remainder when 258 is divided by (105/(-12))/(5 + 84/(-16)).
13
Let l(b) = -b**2 - 1. Let c be l(2). Let z = c - -7. Suppose 3*h + 3 = 0, -n = z*n - 4*h - 67. What is the remainder when n is divided by 6?
3
What is the remainder when 37 is divided by -5 + 5 + 5 - (4 + -4)?
2
Suppose -7 - 6 = -w. Suppose l - w = -0*l. Suppose 0 = -y + 27 - 4. Calculate the remainder when y is divided by l.
10
Suppose 7*j = 14*j - 105. What is the remainder when ((-50)/(-4))/((-3)/(-6)) is divided by j?
10
Let q = 24 + -13. Suppose 3*s = s - f + 4, 8 = 4*s - 2*f. What is the remainder when q is divided by ((-14)/(-8))/(s/8)?
4
Suppose -2*x + 4*o + 82 = 3*x, -4*o - 26 = -x. Let p = -5 + x. Let h(i) = -i**3 - 4*i**2 + i - 3. What is the remainder when h(-5) is divided by p?
8
Let d be (-14 - -14) + -3 + 0. Let r be d*(4 - (-184)/12). Let c = r - -81. What is the remainder when 65 is divided by c?
19
Suppose -10 = -5*u, -5*u + 770 = 2*v - 0*u. Let r = v - 270. What is the remainder when r is divided by 19?
15
Let g(u) = 2*u**2 + 7*u - 15. What is the remainder when 160 is divided by g(2)?
6
Let j(b) = -b**3 - 4*b**2 - 5*b - 12. What is the remainder when j(-4) is divided by 1?
0
Let q = 3 + 22. Let f = -9 - -24. Suppose -2*g = -f - 11. What is the remainder when q is divided by g?
12
Let d(s) = 2*s**2 - s - 2. Let j be d(5). Let k = j + -22. Calculate the remainder when k is divided by 8.
5
Let v(g) = g**3 - 5*g**2 + 9*g - 4. What is the remainder when 59 is divided by v(4)?
11
Suppose 5*k - q - 135 = q, 2*k - q - 55 = 0. Suppose 4*l = -4*s + 44, 0 = 5*s - 4*l + 28 - 128. What is the remainder when k is divided by s?
9
Let r = 8 - 1. Suppose -3*b - 125 = -8*b. What is the remainder when b is divided by r?
4
Suppose -3*v - 19 = -139. Let m(t) = -60*t + 312. Calculate the remainder when v is divided by m(5).
4
Suppose -22 = -q - 4*n, -5*q - 3*n + 67 = 8. Suppose 5*l = s + 5, -2*l = 5*s - 21 - 8. What is the remainder when l + -1 + -5 - -28 is divided by q?
4
Let r(l) = -l**3 + 2*l**2 + 2*l + 810. Let a be r(0). Suppose -14*x + 24*x = a. What is the remainder when x is divided by 42?
39
Let q be 273/11 + (-9)/((-396)/8). Suppose 4*j - 44 = -j + 3*v, 2*j + 4*v - 28 = 0. What is the remainder when 57 is divided by q/2*12/j?
12
Let t be ((-15)/9)/(3/(-9)). Suppose 26 = 5*p + 6, p = -t*o + 339. Suppose -57 - o = -4*u. Calculate the remainder when u is divided by 17.
14
Suppose 3 = 4*a - 17. Suppose 8*p = 9*p + 17. Let f = 0 - p. What is the remainder when f is divided by a?
2
Let u = 147 + -144. Suppose -498 = -u*i + 3*s, -2*s - 215 = 2*i - 551. Calculate the remainder when i is divided by 28.
27
Calculate the remainder when 447 + (-70)/(-6 + -1) is divided by 20.
17
Suppose -3*j - 2*j - 600 = -5*f, 5*j = -5*f + 630. Suppose 252 = 46*b - 40*b. Calculate the remainder when f is divided by b.
39
Let a(m) = -2*m**2 + m + 18. Suppose -f + p - 6*p - 25 = 0, 4*p = -3*f - 20. Suppose 2*r - 3*r = f. What is the remainder when a(r) is divided by 7?
4
Let y = 70 - 33. Let j = 31 - y. Calculate the remainder when ((-162)/j)/((-2)/(-6)) is divided by 21.
18
Let u = -21 + 15. Suppose 375 = 5*j - 5*x, 4*j + 0*j + 5*x - 291 = 0. Calculate the remainder when j is divided by -17 + 39 - u/(-2).
17
Let g = -892 + 906. Calculate the remainder when 59 is divided by g.
3
Suppose -2*a + 0*a + 42 = 0. Let t(v) = -v**3 - 2*v**2 - 4*v. Let o be t(-3). Let c = -15 + o. What is the remainder when a is divided by c?
3
Suppose -4*f + 14 = -2*f + 2*r, 3*f - 9 = r. Suppose -f*z = -2*x - 164, 5*x - 178 = 2*z - 6*z. What is the remainder when 44 is divided by z/4 - 30/(-20)?
8
Let h(c) = c**2 - 4. Let p(j) = j**3 + 6*j**2 + 9*j + 13. Calculate the remainder when h(6) is divided by p(-4).
5
Suppose 5*l - 3*q - 31 = 0, -q + 2*q + 21 = 3*l. Let n = l - -11. What is the remainder when n is divided by 35/(-126)*4*-9?
9
Calculate the remainder when 45 + (-4)/12*-6 is divided by 26.
21
Suppose -29*q + 574 = -22*q. Calculate the remainder when q is divided by 21.
19
Suppose 2*v - 280 = -2*v + 4*c, -4*v - 4*c = -248. Calculate the remainder when v is divided by 17.
15
Suppose 4*v = 3*x, 2*x = 3*v - 3*x. Suppose -5*s + 73 = -s + d, v = -2*d + 2. Calculate the remainder when 33 is divided by s.
15
Let f be 24/(-14)*(-14)/4. Suppose -4*o - 20 = -f*o. Suppose 5*v = -p + 97, 0 = v - o*p + 5*p - 35. What is the remainder when v is divided by 11?
9
Calculate the remainder when 231 is divided by (-3)/(-12)*(44 - 24).
1
Let r be -2 - (-1 - -13)/3. Let w(y) = y - 2. Let u be w(-2). What is the remainder when u/(9/r + 1) is divided by 6?
2
Suppose -5*t + 9 = m, 0*m = -t + m + 3. Suppose 0 = t*g + 14 - 10. What is the remainder when (-2)/g + (-264)/(-4) is divided by 17?
16
Let p(y) = y**3 + 45*y**2 + 46*y + 93. What is the remainder when 54 is divided by p(-44)?
4
Let r be ((-1)/(-3))/(2/66). Suppose 10*n = r*n. Suppose -4*j + 3*s + 27 = -n*s, 13 = j - 2*s. What is the remainder when 3 is divided by j?
0
Suppose 3*v - 128 = y, -15 = -22*y + 25*y. What is the remainder when 47 is divided by v?
6
Let q = 34 - 33. Let v(y) = -y**3 - y**2. Let j(h) = 4*h**3 + 11*h**2 + 7*h - 3. Let w(a) = -j(a) - 3*v(a). What is the remainder when w(-7) is divided by q?
0
Let o = -434 + 1408. Calculate the remainder when o is divided by 39.
38
Suppose 5 - 2 = n. What is the remainder when n + (5*33 - -4) is divided by 35?
32
What is the remainder when 166 is divided by (75/(-175))/(1/(-70))?
16
Let a(c) = 5*c - 32. Let m be a(-8). Let p(l) = -26*l. Let y be p(1). Let k = y - m. Calculate the remainder when k is divided by 12.
10
Let a(l) = -13*l + 540. What is the remainder when 38 is divided by a(40)?
18
Let a(o) = o**2 - 15*o - 1. Let x be (0/(-1))/4 - -16. Let r be a(x). Suppose -h + r = z, 5*z - h = 2*h + 75. What is the remainder when z is divided by 8?
7
Let b = -35 - -22. Let g = b - -22. What 